{"version":"1.0","provider_name":"info algerie","provider_url":"https:\/\/www.info-algerie.com\/actualites","author_name":"La r\u00e9daction","author_url":"https:\/\/www.info-algerie.com\/actualites\/author\/chakib32\/","title":"&quot;L\u2019exclusion doit \u00eatre combattue&quot; (Bela\u00efd) - info algerie","type":"rich","width":600,"height":338,"html":"<blockquote class=\"wp-embedded-content\" data-secret=\"1wHsGx9MSs\"><a href=\"https:\/\/www.info-algerie.com\/actualites\/lexclusion-doit-etre-combattue-belaid\/\">&quot;L\u2019exclusion doit \u00eatre combattue&quot; (Bela\u00efd)<\/a><\/blockquote><iframe sandbox=\"allow-scripts\" security=\"restricted\" src=\"https:\/\/www.info-algerie.com\/actualites\/lexclusion-doit-etre-combattue-belaid\/embed\/#?secret=1wHsGx9MSs\" width=\"600\" height=\"338\" title=\"\u00ab\u00a0&quot;L\u2019exclusion doit \u00eatre combattue&quot; (Bela\u00efd)\u00a0\u00bb &#8212; info algerie\" data-secret=\"1wHsGx9MSs\" frameborder=\"0\" marginwidth=\"0\" marginheight=\"0\" scrolling=\"no\" class=\"wp-embedded-content\"><\/iframe><script type=\"text\/javascript\">\n\/* <![CDATA[ *\/\n\/*! This file is auto-generated *\/\n!function(d,l){\"use strict\";l.querySelector&&d.addEventListener&&\"undefined\"!=typeof URL&&(d.wp=d.wp||{},d.wp.receiveEmbedMessage||(d.wp.receiveEmbedMessage=function(e){var t=e.data;if((t||t.secret||t.message||t.value)&&!\/[^a-zA-Z0-9]\/.test(t.secret)){for(var s,r,n,a=l.querySelectorAll('iframe[data-secret=\"'+t.secret+'\"]'),o=l.querySelectorAll('blockquote[data-secret=\"'+t.secret+'\"]'),c=new RegExp(\"^https?:$\",\"i\"),i=0;i<o.length;i++)o[i].style.display=\"none\";for(i=0;i<a.length;i++)s=a[i],e.source===s.contentWindow&&(s.removeAttribute(\"style\"),\"height\"===t.message?(1e3<(r=parseInt(t.value,10))?r=1e3:~~r<200&&(r=200),s.height=r):\"link\"===t.message&&(r=new URL(s.getAttribute(\"src\")),n=new URL(t.value),c.test(n.protocol))&&n.host===r.host&&l.activeElement===s&&(d.top.location.href=t.value))}},d.addEventListener(\"message\",d.wp.receiveEmbedMessage,!1),l.addEventListener(\"DOMContentLoaded\",function(){for(var e,t,s=l.querySelectorAll(\"iframe.wp-embedded-content\"),r=0;r<s.length;r++)(t=(e=s[r]).getAttribute(\"data-secret\"))||(t=Math.random().toString(36).substring(2,12),e.src+=\"#?secret=\"+t,e.setAttribute(\"data-secret\",t)),e.contentWindow.postMessage({message:\"ready\",secret:t},\"*\")},!1)))}(window,document);\n\/\/# sourceURL=https:\/\/www.info-algerie.com\/actualites\/wp-includes\/js\/wp-embed.min.js\n\/* ]]> *\/\n<\/script>\n","thumbnail_url":"https:\/\/www.info-algerie.com\/actualites\/wp-content\/uploads\/2017\/04\/b8308ab86320d84d04f1a032dffddaf5_S-1.jpg","thumbnail_width":150,"thumbnail_height":85,"description":"AIN DEFLA &#8211; Le pr\u00e9sident du Front Al Moustaqbal, Abdelaziz Bela\u00efd, a mis l\u2019accent lundi \u00e0 A\u00efn Defla sur la n\u00e9cessit\u00e9 de combattre l\u2019exclusion sous toutes ses formes, affirmant que ce ph\u00e9nom\u00e8ne est pr\u00e9judiciable \u00e0 plus d\u2019un titre. Animant un meeting \u00e0 la salle Ibn Badis du centre-ville dans le\u2026 &#013; Source: \u00ab\u00a0L\u2019exclusion doit \u00eatre"}

La rédaction

&quot;L’exclusion doit être combattue&quot; (Belaïd) - info algerie

<blockquote class="wp-embedded-content" data-secret="1wHsGx9MSs"><a href="https://www.info-algerie.com/actualites/lexclusion-doit-etre-combattue-belaid/">&quot;L’exclusion doit être combattue&quot; (Belaïd)</a></blockquote><iframe sandbox="allow-scripts" security="restricted" src="https://www.info-algerie.com/actualites/lexclusion-doit-etre-combattue-belaid/embed/#?secret=1wHsGx9MSs" width="600" height="338" title="« &quot;L’exclusion doit être combattue&quot; (Belaïd) » &#8212; info algerie" data-secret="1wHsGx9MSs" frameborder="0" marginwidth="0" marginheight="0" scrolling="no" class="wp-embedded-content"></iframe><script type="text/javascript">
/* <![CDATA[ */
/*! This file is auto-generated */
!function(d,l){"use strict";l.querySelector&&d.addEventListener&&"undefined"!=typeof URL&&(d.wp=d.wp||{},d.wp.receiveEmbedMessage||(d.wp.receiveEmbedMessage=function(e){var t=e.data;if((t||t.secret||t.message||t.value)&&!/[^a-zA-Z0-9]/.test(t.secret)){for(var s,r,n,a=l.querySelectorAll('iframe[data-secret="'+t.secret+'"]'),o=l.querySelectorAll('blockquote[data-secret="'+t.secret+'"]'),c=new RegExp("^https?:$","i"),i=0;i<o.length;i++)o[i].style.display="none";for(i=0;i<a.length;i++)s=a[i],e.source===s.contentWindow&&(s.removeAttribute("style"),"height"===t.message?(1e3<(r=parseInt(t.value,10))?r=1e3:~~r<200&&(r=200),s.height=r):"link"===t.message&&(r=new URL(s.getAttribute("src")),n=new URL(t.value),c.test(n.protocol))&&n.host===r.host&&l.activeElement===s&&(d.top.location.href=t.value))}},d.addEventListener("message",d.wp.receiveEmbedMessage,!1),l.addEventListener("DOMContentLoaded",function(){for(var e,t,s=l.querySelectorAll("iframe.wp-embedded-content"),r=0;r<s.length;r++)(t=(e=s[r]).getAttribute("data-secret"))||(t=Math.random().toString(36).substring(2,12),e.src+="#?secret="+t,e.setAttribute("data-secret",t)),e.contentWindow.postMessage({message:"ready",secret:t},"*")},!1)))}(window,document);
//# sourceURL=https://www.info-algerie.com/actualites/wp-includes/js/wp-embed.min.js
/* ]]> */
</script>

AIN DEFLA &#8211; Le président du Front Al Moustaqbal, Abdelaziz Belaïd, a mis l’accent lundi à Aïn Defla sur la nécessité de combattre l’exclusion sous toutes ses formes, affirmant que ce phénomène est préjudiciable à plus d’un titre. Animant un meeting à la salle Ibn Badis du centre-ville dans le… &#013; Source: « L’exclusion doit être
